-3 - (-122 - (-12 + -6 + 12)) - 3).
-96
What is (26 - (6 + (13 - 6))) + 0 + 37?
50
What is the value of 14 - (-4 - -17 - (25 - 40 - (-1 + -22)))?
9
Evaluate (1129 - 1176) + (3 - 1 - -20).
-25
What is 67 - (1 + 12 - (20 - -15 - 12) - -10)?
67
0 - (30 + -59 - 103) - (17 + 1)
114
What is the value of 0 + (45 + 9 - 11) + (2 - 10 - -8)?
43
What is 4 + -20 + 62 + (0 - (13 + -14))?
47
Calculate -36 + -12 + (-19 - (-61 + 34)).
-40
2 + (0 - (2 - (4 - (-8 + 1)) - -22))
-11
What is the value of 964 + -1040 + 9 + -30?
-97
What is the value of -42 + -6 + 70 + 2 + 25?
49
What is -20 - (-12 - -13 - 7) - -59?
45
Evaluate (-19 - (-14 + -12) - 2) + 7.
12
Calculate -7 + (24 + -31 - (-116 + 67 - (-2 - 4))).
29
Evaluate -43 + (-14 - -20) + (10 + 11 - 10).
-26
3 + (-16 - -6) + -6 + -2 - -39
24
What is -50 + 156 + 93 - 83?
116
Evaluate (13 - (-14 + 37 + -16 + -3)) + -46.
-37
What is the value of (-2 - -90) + -5 - 0 - (68 + -9 + -52)?
76
Calculate 0 + 2 - ((2074 - 2080) + (-1 - -39)).
-30
-45 + 0 + 29 + -20 + -13 + 13
-36
What is 41 - (22 - 41 - -15)?
45
What is 3 + 35 - ((14 - -3) + 6 - (-6 - -40))?
49
-31 + (275 - 229 - (-2 + -1))
18
What is (14 - -2) + (849 - 857)?
8
-591 + 630 + (-1 + 0 - 20)
18
What is -7 + -3 + 15 - -7 - (13 - -5 - 52)?
46
What is 5 + 0 + 2 - (12 - (56 - (15 - 16)))?
52
Calculate (1 - (-3 - -2 - (-14 + -3))) + (584 - 573).
-4
What is -53 - ((-19 - 0) + (-49 + 30 - -36))?
-51
-9 + -14 + 4 + 22 + (-3 - 0)
0
What is (-14 - (-21 + 90)) + -8 + -4 + 7 + -8?
-96
(-4 - (33 + 5)) + (-1328 - -1351)
-19
-62 + -14 + 53 + 76 + (0 - -1)
54
Calculate -21 - (2 + -2) - (-22 + (-4 - (-13 + -19))).
-27
Evaluate 634 + -704 - (-59 - 10).
-1
Evaluate 3 - -8 - (-40 + 5 - -9).
37
Evaluate (-8 - 46) + -10 + 6 + 7 + 1 + 8.
-42
What is the value of -1 + 20 + -18 + 77 + -26?
52
What is -46 - ((-37 - (-16 - (16 + -12))) + 0)?
-29
What is -17 + -32 + 26 - -21?
-2
Evaluate (-1 - 2 - -1 - (0 - 2)) + (351 - 323).
28
(-23 - ((0 - 7) + 1)) + (-22 - -36)
-3
Calculate -7 - (23 + 12 + -40 + -2 + -7).
7
6 + -5 + 69 - (-464 + 477)
57
Evaluate -1 - 44 - (-52 + (51 - -31 - 11)).
-64
-7 + (5 - (0 + (-2 - 0)) - (-4 + 13))
-9
-2 - 50 - (6 + 21 + -28 + 7)
-58
(9 - (2 - (9 + -18))) + -3 + -72
-77
What is the value of (81 - 49) + -39 - -14?
7
What is the value of 2 - (1 + -26) - (-19560 - -19526)?
61
5 + -5 - -22 - 31 - 31
-40
What is (-1233 - -1250) + (51 - (-7 + 9))?
66
Calculate 66 - (-5 + -8 + 19 - -2) - (16 - 24).
66
(-12 - -25) + -41 + 23 + -30
-35
Evaluate 32 - (-11 - (19 + -48)).
14
Evaluate 1 - -26 - (-65 + 169 + -64).
-13
Calculate -34 - (-6 - 2) - (35 - 22).
-39
What is 8 - (20 + (10 - 3)) - -64?
45
-9 + 12 + -20 + (-170 - -120)
-67
What is the value of (3815 - 3825) + (4 - 2 - (8 + 0 - 0))?
-16
What is (-63 - -5 - -58) + (-1 - 1) + 15?
13
What is 49 + (0 + 21 - (69 - 26))?
27
Evaluate 8617 - 8668 - (-1 + -74).
24
-9 + (71 + -28 - 44)
-10
65 + 3 + (9 - 95)
-18
What is the value of 0 + -2 + -2 - (-85 - (62 + (-119 - -53)))?
77
What is the value of -17 + -21 + (7 - 27) + 14?
-44
141 + 91 + -199 + -111
-78
(-110 + 90 - 37) + (-10 - (5 + -4))
-68
Evaluate 5 + (-7 + 1 - (18 + 14 + -40 - 15)).
22
Evaluate -26 - -11 - ((29 - 79) + (20 - 2)).
17
-3 - (6 - ((-18 - -18) + (12 - -3))) - -46
52
What is the value of 50 - (-10 + (9 - 0 - (15 + 1 + -9)))?
58
Calculate 867 + -819 - (2 + -14 + -1).
61
Evaluate -14 + 10 + -23 - -29 - (4 + -5 + 34).
-31
Calculate (21 - 28) + -4 + 6 + -2 + 76.
69
Evaluate (-43 - (20 - 1)) + 37 - -89.
64
What is the value of 220 - (139 - -49) - (41 + -1)?
-8
What is 17 + (8 - (97 + -7 + -14))?
-51
What is -63 - (10 + 11 + 24 + -25)?
-83
-1 + -3 + (5 - 54) - (266 + -140 + -124)
-55
-52 + 98 - (13 - (41 + -19))
55
What is (32 - -6) + (-2 - 3) + (-4 - (-16 + 9))?
36
What is (49 - 173) + -47 + 142?
-29
What is 5 + -2 - 63 - (-5 + 3 - (44 - 38))?
-52
-26 - ((7 - -95) + -89)
-39
Calculate (26 - 62) + 36 + -12.
-12
Evaluate 0 + 0 + 7 - (-65 + 5 + 436 + -321).
-48
10 + (9 - (13 + (4 - (9 - -1)))) - -24
36
0 + -38 - (-156 + (188 - 72))
2
What is 91 + (-26 + -28 - -30) - (-1 + -6)?
74
-27 - (72 + -201 + 74)
28
Calculate (317 - 346) + (-21 - 0) - 0.
-50
-31 - (111 + -10 + -8) - -34
-90
Calculate 87 + (-92 - 22 - -8).
-19
Calculate 19 + (-6 + -12 - 10) - 83.
-92
-205 + 47 + -11 + 39 + -1
-131
What is the value of 8 - (3 + (9 - 2) + 14 + -100)?
84
Calculate 47 + (-3 + 3 - (8 + -9 + 0 + 1)).
47
What is the value of 1 + -2 + 0 - -11 - (118 - (183 - 147))?
-72
What is the value of -15 - (25 + 17 - 15 - 47)?
5
Evaluate 8 + -184 + 6 - (39 + -53) - -18.
-138
Calculate 59 - (-18 + -3 + 18) - 20.
42
Calculate -124 - (-226 - (-109 + -6)).
-13
What is 5 + -1 + -4 + (35 - -4) - 9?
30
-14 - (14 + -11 + 5 + 0 + -14)
-8
17 - (8 - (-10 + 25))
24
What is the value of -4 + 13 + -86 - (-13 + -14 + 17)?
-67
What is the value of 48 + (-2 + -9 + -5 - -5) + 22 + 10?
69
What is the value of 65 + -71 + 1 + -4 + 3 + 8 - -39?
41
-28 + 49 - (-29 + (-20 - -37))
33
Evaluate (40 + -73 - -34) + -2 + 1 + -3.
-3
Evaluate 183 - (-8 - (34 + -18 - 61)).
146
Calculate 53 - ((-5 - 25) + 43).
40
Evaluate 0 + -31 - (445 - 496).
20
Evaluate (-170 - (-112 + 4)) + -85.
-147
What is (-3 + -15 + 2 - 14) + 22?
-8
Evaluate -31 + 9 - (33 - (-22 - -26)).
-51
What is the value of (54 - (-4 + 10 + -11) - (6 + -5)) + -10?
48
What is -8 - -18 - (-17 + 8 - -54 - -2)?
-37
What is the value of -44 + 48 + -13 + -13 + -32?
-54
What is -14 + -3 + (181 - 155 - (39 + 4))?
-34
Calculate -3 - 0 - (-27 + (-10 - -31) - -34).
-31
2 + (40 + -16 - 19) + -15
-8
Evaluate (-16 + -5 - -40) + -4 - -44 - (1 + -6).
64
Evaluate 2 - (30 - (9 - (36 + -6 + -15))).
-34
Calculate 11643 - 11471 - (45 - 1).
128
Calculate 34 + 11 - (-51 + 93).
3
What is 11 + 11 + -28 + -71 + 15?
-62
What is -817 + 854 + -2 + -2 + -3?
30
Calculate 3 + -2 + -4 + (22 - (-39 + 57)) - -1.
2
15 + -3 + -26 - -30 - (120 + (-13 - -5))
-96
Calculate (-1 - 11) + (10 + 35 - 1).
32
-3 - ((-8 - -6 - 0 - 27) + -13)
39
Evaluate (-14 - (-22 + 15)) + 0 + -7 - -10.
-4
Evaluate -50 - (82 - 150) - (-5 + 82 + 5).
-64
Calculate (1 - (16 - 4)) + (-5 - -43) + 16.
43
Calculate -6 - (36 + (-51 - -40)).
-31
Calculate (-19 - 1 - (134 + -158)) + (5 - 56) + -3.
-50
Calculate -9 + 5 + 6 + (4 + -7 - -1 - 0).
0
Evaluate 93 - (16 - (13 + -10)) - 13 - -19.
86
What is 20 + (-65 - (23 - (29 - 11)))?
-50
Calculate (-42 - -30) + -75 + 42.
-45
56 + -29 + 31 + -4 + -31
23
What is the value of -814 + 823 + 29 + (-1 - 0)?
37
What is the value of (107 - (-27 + 126)) + (-3 - 32)?
-27
-34 + 67 + -24 + (4 - 1) - 9
3
(-1316 - -1290) + (-1 - -31)
4
-16 + 21 + -8 + 1 + (-54 - -80)
24
What is (16 - (-13 - -26) - -1 - -7) + -11?
0
Evaluate -54 + 60 + -35 + 13.
-16
Calculate 112 + -114 - -1 - ((-2 - -5 - -39) + 3).
-46
What is -473 + 429 + (28 - 4)?
-20
What is -8 - (-1 + (-2 - 6) + 435 + -369)?
-65
What is 11 - 36 - (2 - -6 - 39)?
6
-103 + 71 + 107 + 0
75
Evaluate -48 - (-128 - (60 + -113)).
27
-45 - (19 - (115 + -65))
-14
Evaluate -13 - (-5 + -71 - (-41 + 10 + 13)).
45
Calculate -3 - (-20 + 7 + (-4 - -10)).
4
What is the value of 66 + -44 + 19 + (1 - -14) + (-2 - 1)?
53
What is (-30 + 21 + 5 - (2 - (-1 - -2))) + -6?
-11
What is the value of -86 + -4 + (-1771 - -1717)?
-144
What is -892 + 930 + (1 - 44)?
-5
What is the value of 32 - -4 - (-12 + (-5 - -35))?
18
What is the value of (74 - 14) + -82 + 9?
-13
What is (-9 + 9 - (48 + -11 + -20)) + 141?
124
What is (-11 - 15 - -87 - 6) + -11?
44
Calculate -89 + -155 + 126 + 174.
56
Evaluate 49 - (-42 + 78) - 8.
5
Calculate -4 - ((5 - (1 + 83) - -4) + -219 + 227).
63
What is -108 - (-154 + 110 - 46)?
-18
Calculate -45 + (-2 + 20 + 1 - (-677 + 682)).
-31
-7499 + 7433 - (2 - (3 - -9))
-56
What is the value of -649 + 561 + -1 + 26?
-63
Evaluate 76 + -34 + -39 + -20.
-17
Evaluate 2169 - 2215 - (-81 - -2).
33
What is the value of (1 - -9) + (116 - (153 - 17))?
-10
97 + -16 + -52 + -6
23
What is -74 - (-3 + (20 - (17 + 20)))?
-54
Evaluate 3 - (11 + 3) - (13 - (-95 + 109)).
-10
What is the value of 135 + -153 - (8 - (61 - -4))?
39
(1 - 14) + (-26 - (-23 - 29) - 47)
-34
Calculate 5297 + -5264 - (72 + 1).
-40
Evaluate -21 + (45 - (-43 + 33)).
34
What is the value of 104 - 2 - 45 - -7?
64
What is the value of -41 + 23 + 54 - -13?
49
What is the value of 6 + -50 + -24 + 145 - (0 + 8)?
69
-50 + 